e remainder when 43 is divided by r.
12
Let m = -5418 - -6254. Calculate the remainder when m is divided by 30.
26
Suppose -8*v + 250 = -3*v - 90. Calculate the remainder when 82 is divided by v.
14
Suppose -4*k = 8, -7*n + 42 = -9*n - 3*k. What is the remainder when 36 is divided by (4*(-3)/n)/(8/384)?
4
Suppose -3*y + k = -156, 0*y + 5*k - 208 = -4*y. Calculate the remainder when 55 is divided by y.
3
Suppose 2*t - 4*t - 2*b = -4, -2*t + 4 = -b. Suppose t*w = 3*m - 0*m + 369, -746 = -4*w - 2*m. Calculate the remainder when w is divided by 47.
45
Suppose -290*r - 5*h + 99 = -289*r, -4*h = -5*r + 379. What is the remainder when 242 is divided by r?
5
What is the remainder when 510 is divided by (8 - 3)*(-2 + -2 + -7)*-1?
15
Suppose 8*x - 110 = -2*x. Let n(j) = -j**3 - 6*j**2 + j + 9. Suppose -a = -c - 0*c + 6, -4*c + 3 = -a. What is the remainder when n(a) is divided by x?
7
Let h = -26119 + 26691. What is the remainder when h is divided by 569?
3
Let i = 19948 + -19847. What is the remainder when 274 is divided by i?
72
Let h = 3327 + -3293. What is the remainder when 153 is divided by h?
17
Suppose -91 = -15*u + 8*u. Let r(z) = -z**2 - 24*z - 55. Let w be (-34)/6*(-1 + 4). What is the remainder when r(w) is divided by u?
12
Let k = 6548 - 6508. Suppose 162 = -5*g + 2. Let v = k + g. What is the remainder when 78 is divided by v?
6
What is the remainder when 1052 is divided by 6 + 65 + -2 + -8?
15
Suppose -3*z + 3*m - 7*m = 13, 3*z + 25 = 2*m. What is the remainder when 52 is divided by z/(14/(-4)) + 19 - 1?
12
Suppose 101*t - 2*s = 105*t - 42, 0 = 4*t + 4*s - 48. Calculate the remainder when 2727 is divided by t.
0
Let w = -36 - -56. Let a(q) = -2*q**3 + 41*q**2 - 19*q - 20. Let j be a(w). Suppose j = -l + 19 + 20. Calculate the remainder when l is divided by 15.
9
Suppose -9*x + 1536 = 3*x. Let i = x + -114. What is the remainder when 51 is divided by i?
9
Suppose -3 = -333*n + 332*n. Suppose -l = n*r - 31, -l - 5*r = -5*l + 124. What is the remainder when 75 is divided by l?
13
Let j be 1*(18/81 + 34/9). Let l(u) = -15*u - 5. Let g(b) = -16*b - 5. Let i(h) = 4*g(h) - 5*l(h). Calculate the remainder when i(j) is divided by 17.
15
Let p(o) = -7*o**3 - 7*o**2 - 45*o - 5. Calculate the remainder when p(-6) is divided by 59.
50
Suppose -1 = -z + 3. Let i(q) = 25*q - 4. What is the remainder when i(z) is divided by (2970/(-1584))/(5/((-800)/12))?
21
Suppose 111*r - 110*r = -54. Let m = 13 - r. Calculate the remainder when m is divided by 2.
1
Calculate the remainder when 1294 is divided by 1497/(-2495)*(-61 + 1).
34
What is the remainder when (-6138594)/(-3090) - (9/15 - (-1 + 1)) is divided by 655?
21
Let d = -16 - -31. Suppose 0 = 5*w - 2*v - 526, w = -4*w + v + 523. What is the remainder when (-2)/(((-3)/w)/(3/2)) is divided by d?
14
Suppose 509 - 347 = 6*q. What is the remainder when 1047 is divided by q?
21
Suppose 0 = 2*a + 4*u, 25 = 4*a - 4*u - 23. Suppose 0*s + s = -4*l - 48, 0 = l + 5. What is the remainder when 121 is divided by (-7)/s - (-326)/a?
39
Let c(d) = d**3 - 11*d**2 + 24. Suppose 2*t = -5*p + 63, -10*t = -3*p - 7*t + 21. What is the remainder when 3/(-12) - (-954)/8 is divided by c(p)?
23
Let a(s) = -2*s**2 + 223*s + 711. What is the remainder when 3149 is divided by a(110)?
26
Suppose -5*s - 36 = -3*y, 3*s + 5*y = -0*s - 8. Let w(d) = d**3 + 5*d**2 - 6*d - 8. Let i be w(s). What is the remainder when 3 - (-2 + -2 + i) is divided by 9?
6
Suppose 3*h + 141 = 6*h. Let p(w) = -7*w**2 + 28*w + 4. Let a be p(4). What is the remainder when h is divided by (a - (-4 + -9)) + -4?
8
Suppose -1468 = 177*w - 208*w + 15427. What is the remainder when w is divided by 23?
16
Let s(i) = i**3 + 10*i**2 + 5*i - 23. Suppose 0 = 45*x - 40*x + 50. Let p be s(x). Let q = p - -77. Calculate the remainder when 21 is divided by q.
1
Let l(p) = 12*p + 115. What is the remainder when l(-4) is divided by (-43)/(-2) + 12/8?
21
Calculate the remainder when 1336/(35/(-98) + (-12)/(-14)) is divided by 111.
8
Let i be (-24)/5*(-105)/42. Suppose 2*l + 310 = i*l. What is the remainder when ((-5)/(-15))/(1/183) is divided by l?
30
Calculate the remainder when 522 is divided by (2 + 55)*(-189)/(-81).
123
Let y be (30/25)/(2/(-40)). Let m = y + 37. Suppose 2*r + 3*c - m = 0, 0*r + 3*c + 85 = 5*r. Calculate the remainder when 22 is divided by r.
8
Suppose -64 - 24 = -g + 5*z, -2*g + 131 = 5*z. Suppose -107 = -6*k + g. Calculate the remainder when 110 is divided by k.
20
Suppose 70 = -0*o - 0*o + 7*o. Calculate the remainder when 389 is divided by o.
9
Suppose 2*z + 9 + 37 = -3*k, z = -5. Let x = 14 - k. Suppose 0 = 96*a - 93*a + 2*g - 29, 5*a = g + 83. Calculate the remainder when x is divided by a.
11
Let o = -10395 - -11213. Calculate the remainder when o is divided by 168.
146
Let r = 279 - 121. Let o = r - 33. Calculate the remainder when o is divided by 8.
5
Suppose 52 = -7*n + 136. Suppose -n*f - 76 + 616 = 0. What is the remainder when f is divided by 1?
0
Suppose -7*h = 10 - 24. Suppose -h*b - 24 + 98 = 0. Let y = -13 + b. What is the remainder when 47 is divided by y?
23
Suppose -10*y + 1206 - 216 = 0. Calculate the remainder when 2275 is divided by y.
97
Suppose 170 = -296*n + 291*n. Suppose -4*u = -18 - 14. Calculate the remainder when 17/n - (-282)/4 is divided by u.
6
Let a(o) = -o**2 - 9*o - 12. Let c be a(-5). Suppose 11*s - c*s + 18 = 0. What is the remainder when ((-2)/s)/((-2)/(-204)) is divided by 12?
10
Suppose -2*x - 118 = -w, 5*w + x + 121 = 667. Suppose 0 = 8*h - w - 1586. Calculate the remainder when h is divided by 55.
47
Let a = -2367 + 3205. What is the remainder when a is divided by 21?
19
Let d be ((-270)/24)/((-6)/16). Suppose 0 = 2*j - 4*u - d, u = -4*j - 3*u + 60. Suppose -j*w = -127 - 308. What is the remainder when 112 is divided by w?
25
Let d = -2807 + 2860. Calculate the remainder when d is divided by 10.
3
Suppose 0 = -3*p + 4*d + 275, 5*p + 300 = -5*d + 805. Suppose 0 = -109*n + p*n + 420. What is the remainder when n is divided by 23?
12
Suppose -5*n + 24 + 6 = -3*d, n - d = 8. Suppose -n*k = 4*q - 128, 98 + 32 = 3*k + 2*q. What is the remainder when 260 is divided by k?
40
Let x(n) = 190*n - 387. Calculate the remainder when x(6) is divided by 18.
15
Let z = -29837 + 31515. Calculate the remainder when z is divided by 553.
19
Let m(q) = -14*q. Calculate the remainder when 725 + (-39 + 9 - 13) is divided by m(-1).
10
Suppose 2*x = 138*t - 140*t + 184, 178 = 2*x - t. Calculate the remainder when 294 is divided by x.
24
Let h(y) = -43 + 23 + 2*y**2 - 79*y + 21*y - 53. Calculate the remainder when h(31) is divided by 34.
17
Suppose -2*w + 6*w = 4332. Suppose 0 = 3*h + 4*p - 37, -3*h - 79*p = -88*p - 258. What is the remainder when w is divided by h?
33
Let a be 1 + (-3 - 0) + 2. Suppose a = -0*v + 4*v - 5*o - 92, 4*o + 70 = 3*v. Calculate the remainder when (2/3)/(2/267) is divided by v.
17
Let f = 680 + -1330. Let s = 661 + f. What is the remainder when 31 is divided by s?
9
Let f(t) = 13*t + 14*t**2 - 11*t + 3 - 3*t. Let l(r) = -r**3 + 6*r**2 - r + 5. Calculate the remainder when l(-5) is divided by f(1).
13
Let k(f) be the second derivative of 0 - 5/6*f**3 + 25*f**2 + 45*f. Calculate the remainder when k(-22) is divided by 18.
16
Let y(l) = l**3 + 15*l**2 - 14*l + 28. Let s be y(-16). Let w be 20/(-90) - s/18. Suppose 24*k - 10*k - 70 = w. What is the remainder when 38 is divided by k?
3
Calculate the remainder when 1957 is divided by (105/4)/((-417)/(-1112)).
67
Suppose -38*o + 139907 + 9927 = 0. Calculate the remainder when o is divided by 116.
115
Let a = 32922 - 32197. What is the remainder when a is divided by 393?
332
Let j be (2 - -3)/(11/209). Suppose -j = -3*h + p, -2*h + 36 + 31 = 3*p. What is the remainder when h is divided by 3?
2
Suppose y + 4*q + 6 = 0, 3*q + 0*q - 18 = 3*y. Calculate the remainder when 143 is divided by 3/(-2)*148/y.
32
Suppose 4 = -2*a + 5*l, 3*a = 5*l + 34 - 30. What is the remainder when 143 is divided by -18*(a + -10) - -2?
29
Suppose 205*v - 8662 = -140*v + 4793. Calculate the remainder when 2374 is divided by v.
34
Suppose -d + 3*l + 9 = 4, 5*d - 3*l = 13. Suppose -3*u + f + 2*f = -51, 3*u - d*f = 50. Calculate the remainder when 67 is divided by u.
3
Let c = -1020 + 720. Let y = c 